169?
False
Is 330 a factor of 58803346?
False
Is 54 a factor of 145875924?
True
Is 175 a factor of 90169312?
False
Does 8 divide 29794203?
False
Does 8 divide 50785704?
True
Is 32911855 a multiple of 8?
False
Does 4 divide 567141015?
False
Does 5 divide 11882135?
True
Is 32459938 a multiple of 2157?
False
Is 9917057 a multiple of 811?
False
Does 6 divide 145720659?
False
Is 21 a factor of 23863644?
True
Does 883 divide 34839246?
False
Is 5294 a factor of 4386647928?
False
Is 110505015 a multiple of 45?
True
Is 2435 a factor of 34637875?
True
Is 1119 a factor of 1149580032?
True
Is 333498620 a multiple of 22?
False
Is 831582045 a multiple of 63?
True
Is 5908850 a multiple of 25?
True
Is 45807264 a multiple of 8?
True
Does 16 divide 19959136?
True
Does 1554 divide 956678?
False
Is 23165439 even?
False
Is 1093410234 a multiple of 42?
True
Does 312 divide 80084472?
True
Is 20132024 a multiple of 44?
True
Does 2243 divide 25608331?
True
Is 1830007419 a multiple of 16?
False
Is 270 a factor of 3918240?
True
Is 380 a factor of 680114500?
True
Is 25487512 a multiple of 1387?
True
Is 18783868 a multiple of 199?
False
Is 29 a factor of 44913028?
False
Does 8748 divide 1843850952?
True
Does 32 divide 36152992?
True
Is 693005430 a multiple of 5774?
False
Is 1040116340 a multiple of 310?
True
Is 77 a factor of 2834524?
True
Is 3900526876 a multiple of 740?
False
Does 3139 divide 68150829?
True
Does 192 divide 154878528?
True
Is 101333555 a multiple of 5?
True
Is 53 a factor of 179741868?
True
Is 4166493 a multiple of 56?
False
Is 162 a factor of 1999306?
False
Is 59178328 a multiple of 232?
True
Does 256 divide 280934722?
False
Does 98 divide 753052874?
True
Does 6 divide 521620380?
True
Is 14 a factor of 38610180?
True
Is 59 a factor of 626195969?
True
Is 1510838736 a multiple of 264?
True
Is 28 a factor of 1314536440?
True
Is 24 a factor of 42294570?
False
Is 121 a factor of 64050874?
False
Does 74 divide 534316528?
False
Is 81 a factor of 90859985?
False
Is 11 a factor of 135098909?
True
Is 10 a factor of 7664350?
True
Is 148483905 a multiple of 2340?
False
Is 17862184 a multiple of 46?
False
Is 108746112 a multiple of 25?
False
Is 50917890 a multiple of 85?
True
Does 1367 divide 36876192?
True
Is 27262413 a multiple of 729?
True
Is 336107093 a multiple of 191?
True
Is 4733471 even?
False
Does 3737 divide 69042652?
False
Does 511 divide 93525775?
True
Does 180 divide 70353350?
False
Is 154 a factor of 395393768?
True
Is 468 a factor of 772694676?
True
Is 641 a factor of 554188966?
False
Does 8 divide 5707288?
True
Is 84 a factor of 31909416?
True
Is 64209034 a multiple of 115?
False
Is 514572741 a multiple of 397?
True
Is 180421063 a multiple of 385?
False
Does 139 divide 69461302?
False
Does 4 divide 26064912?
True
Is 2467943478 a multiple of 2926?
True
Does 1602 divide 5652115524?
True
Is 670327989 a multiple of 129?
True
Does 1132 divide 1029315148?
True
Is 30 a factor of 10854?
False
Is 18 a factor of 20201238?
True
Does 5 divide 167271157?
False
Is 123966188 a multiple of 644?
False
Is 2813620524 a multiple of 66?
True
Is 99108774 a multiple of 122?
True
Does 47 divide 2428871076?
True
Is 46994382 a multiple of 55?
False
Does 290 divide 227820810?
True
Does 82 divide 59987181?
False
Does 190 divide 897262422?
False
Does 157 divide 139368953?
False
Is 84189418 a multiple of 13?
False
Does 547 divide 191609724?
True
Is 21438797 a multiple of 809?
False
Is 315612112 a multiple of 16?
True
Does 58 divide 64140228?
True
Does 9 divide 18536143?
False
Is 2371 a factor of 3184748539?
True
Is 11164070 a multiple of 170?
True
Is 141 a factor of 23741439?
True
Does 62 divide 46706770?
True
Is 81 a factor of 138622995?
True
Does 26 divide 33310884?
False
Is 23 a factor of 245421132?
True
Is 59 a factor of 11110452?
False
Does 60 divide 14538628?
False
Is 535920 a multiple of 116?
True
Is 594637439 a multiple of 27?
False
Is 59 a factor of 40244560?
False
Is 66341119 a multiple of 79?
True
Is 30 a factor of 88221902?
False
Is 3170421048 a multiple of 8?
True
Is 238 a factor of 20554753?
False
Is 3744132 a multiple of 318?
True
Is 427871118 a multiple of 15?
False
Does 762 divide 128716278?
True
Is 11990736 a multiple of 36?
True
Is 861 a factor of 168954891?
True
Is 84 a factor of 16887663?
False
Is 7 a factor of 5760840?
False
Is 188026308 a multiple of 3924?
True
Is 1456 a factor of 106478736?
True
Does 160 divide 1424786400?
True
Is 352 a factor of 1064834?
False
Does 228 divide 9663974?
False
Does 17 divide 49543066?
True
Does 352 divide 121082720?
True
Is 920728653 a multiple of 3499?
False
Is 224021059 a multiple of 448?
False
Is 446 a factor of 438096434?
True
Is 187599104 a multiple of 2387?
True
Is 31 a factor of 255773591?
True
Is 554274658 a multiple of 4?
False
Is 1232 a factor of 2062642660?
False
Does 7916 divide 966329868?
True
Is 476 a factor of 93336460?
True
Does 363 divide 14780997?
True
Is 5921080 a multiple of 110?
True
Is 40359091 a multiple of 4?
False
Is 362 a factor of 29675312?
True
Is 90 a factor of 1086226740?
True
Is 8 a factor of 720106488?
True
Is 3264776720 a multiple of 860?
True
Is 942 a factor of 2804307643?
False
Is 22 a factor of 569457188?
False
Is 4 a factor of 48967744?
True
Does 489 divide 45634961?
False
Does 32 divide 13066496?
True
Is 161666549 a multiple of 187?
True
Is 172 a factor of 4696460?
True
Is 1449 a factor of 961740?
False
Is 37668162 a multiple of 651?
True
Is 91 a factor of 456067962?
False
Is 60 a factor of 225834720?
True
Is 61859749 a multiple of 216?
False
Does 17 divide 8209691?
True
Does 36 divide 3424716?
True
Does 7 divide 51859147?
False
Is 516627180 a multiple of 180?
True
Is 13323839 a multiple of 69?
False
Is 104 a factor of 68801065?
False
Does 451 divide 1712475413?
True
Is 372171016 a multiple of 14?
True
Is 34 a factor of 8480450?
True
Is 7 a factor of 45924637?
False
Does 67 divide 6381856?
False
Is 385173327 a multiple of 11?
True
Is 25 a factor of 157198295?
False
Is 1465995855 a multiple of 943?
False
Is 658567698 a multiple of 411?
False
Does 34 divide 34591838?
True
Is 172 a factor of 89743752?
True
Is 9 a factor of 9360545?
False
Does 6 divide 280748512?
False
Is 114 a factor of 2097067164?
True
Is 128294628 a multiple of 258?
True
Is 72339992 even?
True
Is 83352192 a multiple of 1056?
True
Is 328 a factor of 594658220?
False
Is 349398 a multiple of 8?
False
Is 852556788 a multiple of 164?
True
Is 111 a factor of 5539344?
True
Is 24 a factor of 91165154?
False
Is 31307300 a multiple of 337?
True
Does 23 divide 30812121?
False
Does 3719 divide 91550623?
True
Is 141453425 a multiple of 1343?
False
Is 28 a factor of 661468192?
True
Is 220934486 a multiple of 101?
False
Does 32 divide 20504992?
True
Is 237 a factor of 57693384?
True
Does 108 divide 382359636?
True
Is 16 a factor of 3733665392?
True
Does 241 divide 366660292?
True
Does 22 divide 540754478?
True
Is 30865466 a multiple of 4?
False
Is 15 a factor of 27412539?
False
Is 3665 a factor of 285008678?
False
Is 240371095 even?
False
Does 2180 divide 665466605?
False
Is 81505038 a multiple of 129?
True
Is 46868944 a multiple of 311?
True
Is 438282351 a multiple of 600?
False
Is 1000 a factor of 88492000?
True
Is 74427571 a multiple of 40?
False
Is 750063842 a multiple of 4994?
True
Is 2896829134 a multiple of 8?
False
Is 27207343 a multiple of 471?
False
Is 23759908 a multiple of 86?
True
Does 24 divide 68203617?
False
Does 18 divide 5170590?
True
Is 24 a factor of 5992920?
True
Is 32684710 a multiple of 85?
True
Does 414 divide 1487088?
True
Does 84 divide 5224120860?
True
Is 9310302 a multiple of 81?
True
Is 16 a factor of 107347714?
False
Is 716 a factor of 2629868?
True
Is 2942 a factor of 512049216?
True
Is 90754588 a multiple of 10?
False
Is 329795360 a multiple of 1642?
False
Does 24 divide 538607735?
False
Does 96 divide 62795040?
True
Is 40 a factor of 1748849241?
False
Does 707 divide 38979965?
False
Is 74972835 a multiple of 21?
True
Is 433531722 a multiple of 26?
True
Is 942677351 a multiple of 96?
False
Is 1580626476 a multiple of 1287?
True
Is 320953647 a multiple of 9?
False
Does 27 divide 481153581?
True
Is 2638707 a multiple of 980?
False
Is 1424272378 a multiple of 234?
False
Is 28 a factor of 186818596?
Fals